 - 12. Let t be 10/25 + 54/(-10). Let v be k(t). Let h = 7 + v. What is the units digit of h?
5
Suppose -5 = -2*d + 43. Let i be (d/(-36))/((-4)/18). What is the tens digit of 248/12 + i/9?
2
Suppose -13 = 4*x - 73. Suppose k - 1744 = -x*k. What is the hundreds digit of k?
1
What is the hundreds digit of (-14)/(-2) + 134256/48?
8
Let i = -5 - -12. Let c = i - 7. Suppose 0 = 4*y - 2*y + 8, -2*p - 5*y = c. What is the units digit of p?
0
Suppose 42*a - 5345 - 4315 = 0. What is the units digit of a?
0
Let m(n) = 6*n + 4*n + 14*n - 14*n - 26. What is the units digit of m(32)?
4
Let p(h) = 37*h - 15. Let d(r) = -37*r + 16. Let s(m) = 6*d(m) + 7*p(m). What is the units digit of s(6)?
3
Let l(v) = -1107*v - 8. What is the units digit of l(-3)?
3
Let l be 5/(15/(-18)) + 3. Let a be l + (-5)/(10/(-132)). Suppose 7*b = 4*b + a. What is the units digit of b?
1
Suppose -2*m + 260 = 252. Suppose -5*z + 5*b = m*b - 106, -b = z - 26. What is the tens digit of z?
2
Suppose 6 = -3*z - 0*z. Let i be 4*z*(-77)/(-7). Let l = i - -157. What is the units digit of l?
9
Let a(o) = -10*o**3 + 6*o**2 + 9*o - 1. What is the tens digit of a(-3)?
9
Suppose 10*h - 50 = 8*h. Let l = h + 18. What is the tens digit of l?
4
Let n = 459 + 1111. What is the thousands digit of n?
1
Suppose -13*t + 12*t = -2. Suppose 562 = 5*c - o - t*o, 2*c = -3*o + 229. What is the tens digit of c?
1
Suppose -a + 0*a = -r + 250, -4*r + 5*a + 999 = 0. Suppose 7*g = 197 + r. What is the tens digit of g?
6
Suppose -157 = -5*y + 3*t, -5*t - 7 - 13 = 0. Let c be (-1)/(y/(-10) + 3). What is the units digit of (-226)/c + (-3)/5?
2
Let x(n) = -6*n + 9. Let b be x(19). Let t = 296 + b. What is the tens digit of t?
9
Let j be (30 + -31)/((-2)/12). What is the tens digit of ((-27)/j)/(12/(-224))?
8
Suppose 0 = -i - 3*d + 139, 20*i - 5*d = 22*i - 283. What is the units digit of i?
4
Let a = 1263 + -856. What is the hundreds digit of a?
4
Let m(s) = 45*s**2 - 981*s + 19. What is the hundreds digit of m(25)?
6
Suppose 8*n - 3*n = 0. Suppose n = -5*c + o + 235, 6*o + 141 = 3*c + o. What is the units digit of c?
7
Let g(t) = -t**3 - 7*t**2 - 5*t - 4. Let n be g(-7). Let j = n - 27. Suppose -5*s + j*s = -31. What is the tens digit of s?
3
Let j be 6/((-12)/(-4)) + 2. Suppose -r = 2*r - 4*f + 38, j*r + 4 = -4*f. What is the tens digit of 1 - r*(-12)/(-3)?
2
Suppose 2*k + 0 - 38 = 0. What is the tens digit of k?
1
Suppose 2*i - 1305 = 26*d - 25*d, 0 = 3*i + 2*d - 1975. What is the units digit of i?
5
Let u(y) = 4*y + 70. Let s be u(-21). What is the units digit of (5 + s/2)*15/(-2)?
5
Let w(h) = -2*h**2 + 1. Let l be w(-1). Let m be (99/22)/(l/2). Let v = 12 + m. What is the units digit of v?
3
Let u = -43 + -17. Let o = 115 + u. What is the units digit of o?
5
Let w(j) = 357*j + 14. What is the hundreds digit of w(1)?
3
What is the units digit of (2824/(-12))/((-7)/((-189)/(-6)))?
9
Suppose 4*u + 5 - 41 = 0. Let k(v) = -v**3 + 13*v**2 - 10*v - 10. What is the units digit of k(u)?
4
Let s be (-7 - -5) + 26 + 0. Let y be s/9 + 2/6. Suppose 4*w + 4*d = 84 - 24, -4*d + 41 = y*w. What is the units digit of w?
9
Suppose 3*h - h = -5*a + 4761, 4*h + a = 9531. What is the units digit of h?
3
Suppose 5*t = f + 18, 5*f + 3 = 3*t + 1. Let u be 96*((-1)/t + 1). Suppose 0*o + u = 2*o. What is the tens digit of o?
3
Let s(v) = -1 - 2*v**2 - 1 + 3*v + v**3 + 5*v**2 - 1. Let w be s(-3). Let o = -11 - w. What is the units digit of o?
1
Let a be (-4)/(-5)*(-10)/(-4). Let p = 29 - 34. What is the units digit of p + a + (-24)/(-3)?
5
Let t = -781 - -558. Let v = -124 - t. What is the units digit of v?
9
Suppose 0 = -2*z - 5*x + 1043, 0*z - 2*z - 4*x + 1046 = 0. What is the units digit of z?
9
What is the tens digit of ((-20632)/(-48) - -7) + 2/12?
3
Let i(w) = w**2 + 24*w + 41. Let j be i(-23). What is the tens digit of (192/j)/(8/84)?
1
Suppose 5*w = w - 16. Let h be (-1 - -7 - -1) + w. Suppose -h*r - 3*f = -53 - 4, 5*r = -2*f + 110. What is the tens digit of r?
2
Suppose 0 = 2*z + 264 - 710. What is the tens digit of z?
2
Let t(s) = -s - 1. Let q be t(-16). What is the tens digit of 1011/q - (-12)/20?
6
Let s = -204 - -346. What is the hundreds digit of s?
1
Let t(d) = 4*d**2 - 9*d - 6. Let r be t(10). Suppose -3*h - 4*c + 6*c + r = 0, -3*h + c + 308 = 0. What is the tens digit of h?
0
Let q be -1 - 5*-10*1. Let o(t) = -4*t - 48. Let j be o(-5). Let x = q + j. What is the tens digit of x?
2
Let n be ((-9)/1)/((-60)/440). Suppose -105 = -g + 3*q, 3*g - g = 5*q + 211. Let h = g - n. What is the tens digit of h?
4
Let r(y) = -253*y + 206. What is the hundreds digit of r(-7)?
9
Suppose 0 = 4*z - 2*f - 4110, 4*z + f - 4128 = -3*f. What is the hundreds digit of z?
0
What is the tens digit of 2837 - 6/(9 - 11)?
4
Suppose 3*z - 130 = v, 4*v + 188 = 4*z - v. Suppose w - z = -w. Suppose -w = -3*g - 3*a, -a + 25 = 3*g - 0*a. What is the units digit of g?
9
Suppose 5*n - h = -2*h + 617, -4*n - 3*h + 498 = 0. Suppose 178 = q + 2*q + 2*j, 0 = -2*q + 3*j + n. What is the units digit of q?
0
Suppose 19 = 4*j - 2*x - 5, 4*x = -4*j. Suppose 3*a - 3*k = 267, 0 = 2*a - j*k - 203 + 17. What is the tens digit of a?
8
Suppose -3320 = 20*m - 23*m + 2*l, 0 = -2*m + 4*l + 2216. What is the hundreds digit of m?
1
Let o = -1070 - -2797. What is the thousands digit of o?
1
Let r = -498 - -1388. Suppose 11*v = v + r. What is the units digit of v?
9
Let f(s) = -s**2 + 44*s - 7. What is the units digit of f(31)?
6
Let b(p) = p - 8. Let i be b(8). Suppose i = 3*t + 2*h - 206, h + 277 = 4*t + 6*h. What is the units digit of t?
8
Let n(u) = -2*u - 17. Let j(a) = -a + 1. Let o(i) = -3*j(i) + n(i). Let x(z) = 3*z - 61. Let m(c) = -7*o(c) + 2*x(c). What is the units digit of m(12)?
6
Suppose 8*x - 2044 = 3908. Suppose 0 = -3*f - 3*f + x. What is the units digit of f?
4
Let m be 567/6 - 3/(-6). Let g = 333 - m. Suppose -4*y - c + 236 = 0, -3*y - 5*c = 44 - g. What is the units digit of y?
8
Suppose -2*q - 772 = -2612. What is the tens digit of q?
2
Suppose 4*d = -4*b + 18212, 4*b - 8*d - 18212 = -13*d. What is the hundreds digit of b?
5
Let o(i) = i**3 + i**2 + i + 67. Let n be o(0). Suppose -5*d - 7 = -n. What is the units digit of d?
2
Suppose 6*p + 17743 = 17*p. What is the units digit of p?
3
Suppose -61 + 41 = 4*z. Let g(f) = -11*f + 8. What is the units digit of g(z)?
3
Let s(w) = 8*w**3 - w**2 + 7*w + 29. What is the hundreds digit of s(5)?
0
Let n = 4 + 4. Let h(l) = -l**3 + 9*l**2 - 6*l + 4. What is the units digit of h(n)?
0
Let y(w) = w + 7. Let s be y(-4). Suppose s*h = -0*h + 1422. What is the units digit of h/24 + 1/4?
0
Let s(i) = 19*i - 93. What is the tens digit of s(16)?
1
What is the thousands digit of (92352/185)/(17/(-10) - -2)?
1
Suppose -6443 = -13*b + 226. What is the hundreds digit of b?
5
Suppose l - 1 = -2*s - 6, -3*l - s + 10 = 0. Suppose -p - 4*g = -17, -14 = -l*g + 6. What is the units digit of p?
1
Let i be 20 - (9/(-3) + 4). Suppose -3*f + 135 = -3*t, 241 = 5*f - 4*t + i. Suppose -5*m + 43 + 5 = u, f = u + 3*m. What is the tens digit of u?
3
Suppose 5*c = -p - 136, 6 - 2 = -4*p. Let v = -24 - c. What is the units digit of v?
3
What is the tens digit of ((-27810)/(-225))/((-3)/(-35))?
4
Let n(m) = m**2 + 22*m + 26. Let g = 26 + -22. Let w(t) = -t**2 - 23*t - 27. Let z(y) = g*n(y) + 3*w(y). What is the units digit of z(-19)?
3
Suppose 3*s - 111 - 81 = 0. Suppose -6*g + 143 = 4*p - g, -2*p - 4*g = -s. What is the tens digit of p?
4
Let o(y) = 39*y**2 - y + 4. Let f be o(3). Suppose -3*v + f = 4*h - 7*v, -5*h - 5*v = -470. What is the units digit of h?
1
Suppose 29*x - 6548 = 27469. What is the units digit of x?
3
Let n = -44 + 72. Suppose -m + 27 + n = 0. What is the tens digit of m?
5
Let u be -4*(-2)/8*2. Let q be 1 + -3 + (3 - 2). What is the units digit of u + 2 + (q - 1)?
2
Suppose 48 = 2*n + 4*l - l, 2*l = n - 17. Suppose 111 = 2*f + n. Let b = f - 22. What is the units digit of b?
3
Suppose 0 = 10*l - 5548 + 1628. What is the tens digit of l?
9
Suppose r = 3*z - 18 + 130, 3*r - 3*z = 366. Suppose -2 + r = 5*a. Suppose -2*h + a = -h. What is the units digit of h?
5
Let c(z) = 5 - 9 - 6*z + 8 + 8 + 18*z**3. What is the tens digit of c(2)?
4
Suppose 6537 = 3*q + k, 6531 = 5*q - 2*q + 3*k. What is the thousands digit of q?
2
Let f =